 = -288 + 108. Let m = -89 - z. Calculate the highest common factor of 7 and m.
7
Suppose 4*x - b = -51 + 151, -3*x = -5*b - 58. Let i = 23 - -3. Calculate the greatest common factor of x and i.
26
Suppose 3*r = -3*o + 126, o - 2*o = 2*r - 81. Let w = -28 + r. What is the highest common factor of w and 99?
11
Let n(c) = 2*c**3 + 29*c**2 + 13*c - 33. Let s be n(-12). What is the greatest common factor of s and 9?
9
Suppose -77*q + 79*q - 20 = 0. Calculate the greatest common divisor of 360 and q.
10
Suppose -38*z + 3575 = 27*z. What is the greatest common divisor of z and 5?
5
Suppose -4*f + 4*n - 22 + 102 = 0, -3*f - 4*n = -88. What is the highest common factor of f and 96?
24
Suppose 0*u + 1323 = -7*u. Let s = u + 315. Calculate the greatest common divisor of s and 18.
18
Suppose 5 = v, 5*y + 5*v = -3 + 13. Let l = y - -7. Suppose -5*g + 66 = -l. What is the greatest common divisor of g and 21?
7
Suppose 0 = 292*p - 294*p + 12. What is the highest common factor of 366 and p?
6
Let b = -62 + 226. Let f = -146 + b. Calculate the highest common factor of 54 and f.
18
Let c = 41 + -10. Suppose 35*t = 38*t - 9. Suppose 3*v = -t, -v = -6*z + z + 1706. Calculate the greatest common factor of z and c.
31
Let g(n) = 8*n + 9. Let j(v) = -4*v - 4. Let u(z) = -6*g(z) - 14*j(z). Let x be u(7). What is the greatest common factor of 87 and x?
29
Suppose 2*c = -w + 24, 0 = 3*w + c - 62 - 25. Suppose 4*g - w = -g. Suppose 0 = -k + g + 5. Calculate the highest common divisor of 22 and k.
11
Suppose 21*j + 26 = 89. What is the highest common divisor of j and 147?
3
Let v(x) = 2*x**2 + 4*x - 3. Let q be v(-5). Let h be 57/(513/468) + 0 + -7. What is the highest common divisor of h and q?
9
Let m(b) = -41*b + 9. Let h(g) = -42*g + 8. Let q(r) = -7*h(r) + 6*m(r). Let a be q(1). Let k = a + -13. What is the greatest common factor of k and 11?
11
Suppose 1294 = 3*n + 3*g - 1124, -1612 = -2*n - 5*g. What is the highest common divisor of 78 and n?
26
Suppose 4*w - 132 - 64 = 0. Let n be (-2 - -4) + 19 + -18 + 4. Calculate the highest common divisor of w and n.
7
Let h(d) be the first derivative of -d**3/3 - 19*d**2/2 + 17*d + 3. Let k be h(-16). What is the greatest common factor of k and 13?
13
Let z(y) = -y**3 + 4*y**2. Let g be z(4). Suppose -8*b + 13*b - 45 = g. What is the highest common divisor of 45 and b?
9
Let q be ((-19446)/(-36))/7 - (-2)/(-12). Suppose 40 = q*n - 72*n. What is the greatest common divisor of 16 and n?
8
Let t = 40 + -23. Suppose -5*l - t = -27. Suppose l*b - 335 = -79. Calculate the highest common divisor of 16 and b.
16
Suppose -3*y + 5*y + 60 = 0. Let n(i) = -i - 3. Let c be n(14). Let h = c - y. Calculate the highest common divisor of 39 and h.
13
Let q be (-2)/(3/78*-2). Suppose -3 = 2*j - j. Let x = j - -16. What is the greatest common factor of q and x?
13
Let l be ((-20)/(-5) + -3)*2. Suppose -3*h - l*w = -17, 3*h + w = 4*w + 12. Suppose b + h*b = 1122. What is the greatest common factor of b and 17?
17
Let c = -66 + 134. Let j = c + -13. Suppose 0 = 2*m + 5*t - 110, m + 0*t - 2*t = j. Calculate the highest common divisor of m and 11.
11
Suppose 130 = 2*w + 4*f, -13*f + 16*f = 0. Calculate the highest common factor of w and 65.
65
Suppose 6*u = -3*u + 558. What is the greatest common divisor of 434 and u?
62
Suppose -24*x + u = -20*x - 80, 0 = x - 5*u - 1. Calculate the highest common factor of x and 147.
21
Let d be 4/((1*(-4 + (-4 - -10)))/12). Let i(q) = q + 60. Let c be i(0). Calculate the highest common divisor of c and d.
12
Let y be 2/(4/3 - 2)*-7. Calculate the greatest common factor of 231 and y.
21
Let n(r) = -r**3 + 13*r**2 - 11*r - 136. Let g be n(10). Let q = 79 - -56. Calculate the greatest common factor of q and g.
27
Let z(m) = -m**3 + 8*m**2 - 6*m - 3. Let l be z(7). Suppose 45 = o - 5*h + 18, l*o = 4*h + 44. What is the highest common factor of o and 7?
7
Suppose q - 23 = 4*g, 3*q - 1 = 4*g + 84. Let t = 6 - q. Let i = 3 - t. What is the greatest common divisor of i and 112?
28
Suppose -3*s + l = -7, 0 = -2*s + 5*s + 2*l - 13. Let m be (-31*s)/(6/(-6)). What is the greatest common divisor of m and 62?
31
Let t be (3 - 46) + (1 - -1). Let l = t - -42. What is the greatest common divisor of l and 3?
1
Let h be -3 + 50 + 4 - -1. Let d(z) = -z**2 + 13*z - 12. Let y be d(8). Let f be 1 + -2 - y/(-2). Calculate the greatest common factor of f and h.
13
Suppose 3*d = -2*m + 24, 0*m - 3*d = -2*m. Suppose -2*r + 36 = -m*r. Let v be ((-9)/r)/((-1)/(-17)). What is the highest common factor of v and 85?
17
Let f = 100 - -50. What is the greatest common divisor of 120 and f?
30
Suppose -3*l + 38 = -5*a, l - 1 = -5. Let f be (-3588)/(-65) - -1*2/a. What is the highest common factor of f and 22?
11
Suppose 176 = 16*d - 5*d. Suppose -17*t + d*t = -40. What is the greatest common factor of t and 40?
40
Let c = 172 - 108. Calculate the greatest common divisor of c and 208.
16
Suppose 0 = -11*q + 138 + 5. Calculate the greatest common divisor of 299 and q.
13
Let h be (-2 - 8)*-1 + -6 + 19. Calculate the highest common divisor of 92 and h.
23
Suppose m - 18 = -0*m. Let t be 8/36 + (-4)/m. Suppose 0*i = j - i - 149, -2*i + 10 = t. Calculate the greatest common divisor of j and 14.
14
Let r(a) = -109 - a + 6*a + 114 + 4*a**2 - a**3. Let l be r(5). Let s be (6/l)/(24/80). Calculate the greatest common divisor of 28 and s.
4
Suppose -3*v - 18 = -4*q, 0 = 2*q + 3*q + 2*v - 34. Suppose i - 2*g + q - 17 = 0, -4*i - 4*g - 16 = 0. What is the greatest common factor of i and 1?
1
Suppose -3*v = -h + 48, -5*h = -7*v + 4*v - 288. Let j be (4*-1)/2 + 12. What is the highest common factor of j and h?
10
Let l(n) = n**3 + 5*n**2 - 6*n + 1. Let r be l(-6). Let p be (20 - r) + -7 + 4. What is the highest common divisor of 8 and p?
8
Suppose 80*i - 29*i = 918. What is the greatest common divisor of 369 and i?
9
Let k be 240/(-114) - 4/(-38). Let p be 5/k*3*(-112)/60. Calculate the highest common divisor of 154 and p.
14
Suppose -2*v - 3*h + 0 = -2, 47 = 5*v - 3*h. Suppose -3*q - 132 = -v*q. Suppose 2*i = 6*i - 44. What is the greatest common factor of i and q?
11
Let y(v) = -v**2 + 23*v. Let k be y(7). Suppose 4*o = -40 + k. Let g(w) = 3*w - 6. Let l be g(4). What is the highest common factor of o and l?
6
Let i = 676 - 615. Calculate the highest common divisor of 2257 and i.
61
Let l be (-3472)/(-21) + 6 + 2/3. What is the highest common divisor of 258 and l?
86
Let j(k) = k**2 - 2*k + 4. Let o be j(2). Suppose 1 = 4*v + 21, 0 = -z + 3*v + 74. Suppose o = -5*a + z. Calculate the greatest common factor of 44 and a.
11
Let f be 50/(-1 - (-9)/12*2). Calculate the highest common divisor of f and 25.
25
Suppose 12 = -9*q + 174. Calculate the highest common factor of q and 1251.
9
Let a(x) = x**2 + 2*x - 3. Let r be a(6). Suppose 3*o = 11 + 16. What is the highest common divisor of o and r?
9
Let f(k) = k**3 + 7*k**2 + 5*k + 8. Let d be f(-6). Let g = -15 + d. Let n = g - -7. Calculate the highest common divisor of 6 and n.
6
Suppose -60*q + 1764 = -1236. What is the greatest common factor of q and 320?
10
Let r(b) be the second derivative of 5*b**3/6 - 20*b**2 + 46*b. Let i be r(14). What is the highest common divisor of i and 50?
10
Suppose -3*s - 57 = -3*g, -27 + 8 = s + 4*g. Let i = 2 + s. Let t = i - -39. Calculate the highest common factor of 110 and t.
22
Let k(q) = q**2 - 18*q - 174. Let i be k(25). Let u(v) = -v**3 + 3*v**2 + 5*v - 3. Let p = 11 - 7. Let b be u(p). What is the highest common divisor of b and i?
1
Suppose -2 = 13*a - 41. What is the highest common factor of 82 and a?
1
Let w be 20 + (0 - 0) + -2. Calculate the highest common factor of 306 and w.
18
Suppose 725 - 49 = 4*k. Suppose -24 = k*j - 171*j. What is the highest common divisor of 8 and j?
4
Let g(p) be the third derivative of -7*p**4/24 - p**3 + 18*p**2. Let f be g(-6). Calculate the highest common divisor of f and 72.
36
Let q be (-230)/3*2268/(-135). Calculate the highest common divisor of 28 and q.
28
Let v be (-192)/(-10) - (-4)/(-20). Let x = 21 - v. Calculate the greatest common divisor of 1 and x.
1
Let o(t) = 4*t - 1. Let u be o(-1). Suppose 7*a + 133 = 287. Let j be a/((-17)/u + -3). Calculate the greatest common divisor of 5 and j.
5
Suppose -34*b + 31*b = -1449